**2 + 0*i**2 - 7 + 3*i**2 + 6*i. Let j(x) = -x**2 + 7*x - 8. Let n(v) = -6*a(v) + 5*j(v). Calculate n(m).
2
Let z be (-2 - -3)*-1 - 2. Let q(m) = -m**2 - 5*m + 5. Let r(u) = -2*u**2 - 10*u + 9. Let j(x) = z*r(x) + 5*q(x). What is j(-5)?
-2
Let a be 3/(3/9 + (-7)/(-42)). Let v(c) = -c + 10. Calculate v(a).
4
Let c(d) = -d**3 + 2*d**2 + 2*d + 3. Let r(w) = -w - 3. Let v = 3 + -9. Let y be r(v). What is c(y)?
0
Let g(m) = -10*m - 1. Suppose 0 = -u - 0*u + 8. Let k = u + -5. Let p = k - 4. What is g(p)?
9
Let a(j) be the second derivative of -j**4/12 + 4*j**3/3 - 7*j**2/2 + 3*j. Let y be a(6). Let n(d) = -d - 1. What is n(y)?
-6
Let w(m) = m**3 + 2*m**2 - 2*m - 2. Let b(d) = d**3 - 6*d**2 + d - 5. Let f be b(6). Suppose f = z - 1. Suppose z*k = -k - 9. Determine w(k).
-5
Let a(m) = m**2 - 7*m + 3. Let n(c) = c**3 + 5*c**2 - 7*c - 9. Let f be n(-6). Let u = 8 + f. Calculate a(u).
-7
Let y(r) = -r**2 - 8*r - 8. Let m be 9/(-18) + (-22)/4. Calculate y(m).
4
Let g(t) = -t. Let m(o) = o - 1. Let j(w) = -w**3 + 10*w**2 - 10*w + 12. Let f be j(9). Let s(v) = f*g(v) + 2*m(v). Determine s(2).
-4
Suppose -11 - 4 = -5*z. Let h(r) = -r**2 + 0*r - 5*r**z - r + 2 + 6*r**3. Calculate h(-2).
-8
Let g(y) = 2*y**2 - 7*y**2 + 2 + 17*y - 9*y + 6*y**2. What is g(-5)?
-13
Suppose 3*g = 4*c + 28, 4*g - 28 = -c - 3*c. Let j(v) = 0*v - 2 + v**2 - g*v + 4 + 4. Determine j(5).
-9
Suppose 8 = -4*p, -2*w - p = -12 - 2. Let k(r) = -r**2 + 9*r - 1. Calculate k(w).
7
Let m be (11/4)/(2/16). Let q = m + -16. Let p = q - 5. Let c(l) = 2*l + 1. Determine c(p).
3
Let j = 10 - 23. Let q = -9 - j. Let i(f) = f**2 - 3*f + 1. Let r be i(q). Let u(g) = -g**3 + 5*g**2 + 4. Calculate u(r).
4
Let o(u) = 97*u**2 + 2*u - 35*u**2 - 34*u**2 - 1 - 27*u**2. What is o(1)?
2
Let p(v) be the first derivative of -v**2 + 5*v + 2. Let k be -5 - ((2 - 0) + -3). Let z = k + 9. Give p(z).
-5
Let p(m) = -13*m + 14*m + 2 + 2. Determine p(-7).
-3
Let l(t) = t + 10. Let w be l(-8). Suppose -10 - 5 = -5*a. Let s(f) = w*f**a - 3 + 4 - 3*f**3 + f. Give s(2).
-5
Let s = -8 + 12. Let d(c) be the first derivative of c**3/3 - 5*c**2/2 - 2*c + 3. Calculate d(s).
-6
Let z(q) = 3*q - 12. Let m be z(4). Let b(u) be the first derivative of -u**2/2 + 5*u - 1. What is b(m)?
5
Suppose 3 = 5*z - 22. Suppose 24 = z*j - 1, -2*j + 15 = x. Let r(d) = 6*d**2 + 11. Let q(b) = 5*b**2 - b + 10. Let y(n) = 5*q(n) - 4*r(n). What is y(x)?
6
Let b = 2 + 0. Let s(x) = 2*x**2 - 2*x**b - x**2 + 5 - 6*x. Calculate s(-5).
10
Let s(f) = -4*f**2 - 2*f + 2*f**2 - 4*f**2 - 1 + 3*f + f**3. Let d(o) = -4*o - 2. Let t be d(-2). What is s(t)?
5
Let u = 7 + -7. Suppose -q + 6*q - 5 = u. Let w(o) be the second derivative of 7*o**5/20 - o**4/12 - o. Calculate w(q).
6
Let o(n) = 3 - 16*n**3 - 12*n**3 - 13*n + 27*n**3 + 13*n**2. Determine o(12).
-9
Let o(j) = -1. Let d(p) = -p - 6. Let b(l) = 2*d(l) - 11*o(l). Let t = -7 - -1. Let r be (-2)/(-6)*(t + 3). Give b(r).
1
Let i = 0 - -2. Suppose 0 = -2*b - 3*q - i*q + 20, 0 = b - q - 24. Suppose 2*w + b = -4*y, -4*y - 5*w = -0*w + 26. Let u(n) = 2*n - 1. Give u(y).
-9
Let g(n) = 10*n**3 - n**2 - 2*n - 1. Suppose s - 81 = -2*s. Suppose -s = -4*z - 7. Suppose -3*q - z = -2. Calculate g(q).
-10
Let w = -15 - -21. Let s(l) = -3 + 13*l - 2 + l**3 - 7*l**2 - w*l + 0. Calculate s(6).
1
Let t(m) = 6*m**2 - 7 + 6 + 0 + m**3 + 0 + 5*m. Suppose 4*z + 12 + 8 = 0. Give t(z).
-1
Suppose -y = -u, 4*y - 6*u + 4*u = -4. Let x be y/(-6) - (-5)/(-15). Let p(d) = -3*d - 2 + 3 + x. Give p(-3).
10
Let v(m) = -2 + 492*m - 491*m + 4. Determine v(-7).
-5
Let d(b) = -b + 5. Let i be 4/(4/6*3). Suppose -3*z = s + 6 + 4, -i*s = -5*z - 24. Let c(q) = -5*q + 21. Let w(t) = s*c(t) - 9*d(t). Determine w(-3).
0
Let u = 1 - -7. Let c(q) = 6*q**2 + 0*q**2 + q**3 - q + 9 - u. Give c(-6).
7
Let v = 1 - 0. Let o(n) = 3*n**2 + n + n**3 - 3*n + v + 3 + 0*n**3. Calculate o(-3).
10
Suppose x + 7 = -3*x + 3*b, -3*x - b - 2 = 0. Let p(m) = -2*m. Determine p(x).
2
Let w(m) = 2*m + 1. Suppose -4*l + 4 = 0, -l - 1 = -2*d + 2*l. Give w(d).
5
Suppose 2 = -2*y - 0*y. Let u be 3 - 6 - (y + 0). Let z(f) = 2*f - 2 - 10*f**3 + 3*f**3 + 2*f**2 + 8*f**3. Give z(u).
-6
Let k(g) = g. Let q be k(0). Let p(r) = 1 - 4 - r + q*r. Let l be -3 - -1*6/(-3). What is p(l)?
2
Let d(l) = -9*l**2 - 5. Let m(n) = 3 - 1 + 1 + 5*n**2. Let p(i) = -3*d(i) - 5*m(i). Suppose -2*s + 4 - 6 = 0. Give p(s).
2
Suppose 3*h - 2*l - 23 = -0*l, 0 = -4*h + 4*l + 24. Let t(d) = -d**3 + 11*d**2 + d - 14. Give t(h).
-3
Let p(i) = i**3 + 4*i**2 + i + 3. Let o be ((-69)/9 - -7)/((-2)/(-9)). What is p(o)?
9
Let z = -8 - -10. Suppose 2*m = 5*k + 7*m - 35, -z*k - m + 13 = 0. Let w(u) = -u - 5. Calculate w(k).
-11
Let q(b) = -13 + 1 + 4*b + 9 - 2*b. What is q(-3)?
-9
Let i(r) = 4*r**2 + 2*r**2 - r + 2*r. Let b be 12*-4*3/(-24). Suppose -2*t + 2*u - 8 = 0, 4*t - b*t + u = 5. What is i(t)?
5
Suppose 3*m = -d + 13, 5*d + m + m - 13 = 0. Suppose 3*w - 4 = -d. Let z(j) = 8*j**2 - 1. What is z(w)?
7
Let y(p) = 4*p**2 + p - 1. Let h(t) = -t**2 - 11*t + 1. Let m be h(-10). Let n = m - 4. Let c be (-2)/5 - n/(-5). What is y(c)?
4
Let m(f) = 4*f**3 - 3*f**2 - 7*f + 8. Let s(t) = -3*t**3 + 4*t**2 + 7*t - 7. Let q(n) = 4*m(n) + 5*s(n). Give q(-7).
-3
Let h(a) be the first derivative of -a**3/3 - a**2/2 - 4*a + 29. Give h(0).
-4
Let q(u) = -4*u + 12 - 13 + 2*u. Give q(-2).
3
Let p(m) = m**3 - 5*m**2 - 6*m + 1. Let f be p(6). Let u(o) = 7*o**3 + o**2 - 2*o + 1. Calculate u(f).
7
Let s(d) = 1. Let m(j) = -9*j**3 + j**2 - j + 4. Let n(f) = -m(f) + 3*s(f). Give n(1).
8
Let t(p) = p**2 + 10*p + 8. Let g be t(-9). Let w(k) be the third derivative of k**5/60 + k**4/12 + k**3/6 + 12*k**2. Give w(g).
0
Suppose 2*s + 65 = 7*s. Let a(t) = -t + 8. Let f be a(s). Let x(d) = -d**3 - 6*d**2 - 8*d - 7. Determine x(f).
8
Let z(l) be the first derivative of l**3/3 - 4*l**2 - 2*l - 10. What is z(9)?
7
Let o(m) = -m**3 + 8*m**2 - 10*m - 12. Let i be o(6). Let d(t) = 2 + 0 + 4*t - 3*t. Calculate d(i).
2
Let z(p) = -p**3 + 8*p**2 - 7*p + 5. Let k be z(7). Let a be (4 + -5)/(2/(-2)). Let c = a - k. Let q(g) = -g**2 - 3*g + 2. What is q(c)?
-2
Let l(d) = 1. Let z(g) = 2*g - 7. Suppose 0 = -5*b - 41 + 1. Let p be 32/(-6) + b/12. Let y(s) = p*l(s) - z(s). Give y(-1).
3
Let h(d) be the second derivative of -d**5/20 - d**4/6 + 2*d**3/3 + d**2 + 7*d. What is h(-3)?
-1
Let t be (-2)/8 + 3/12. Let b(y) = -2 + 0 + t*y - 2*y. Let f = 7 - 5. Determine b(f).
-6
Let n(p) = -4*p**2 + 2 - p + 5*p**2 - 2*p + 8*p. What is n(-3)?
-4
Suppose -11*l + 6*l = 0. Let y(n) = -n**2 + n + 3. Give y(l).
3
Let m(q) = -q**3 + 2*q**2 - 1. Suppose 0 = g + 5 - 3. Let w(z) = z - 5. Let a be w(4). Let n = g - a. What is m(n)?
2
Let a(k) be the second derivative of 1/3*k**4 - 1/6*k**3 + 1/20*k**5 + 0 - 2*k + 2*k**2. Let q(o) = o + 6. Let n be q(-10). What is a(n)?
8
Let j be 146/240 - (-28)/(-70). Let x(s) be the third derivative of 0*s**3 + 0*s + 0 + j*s**4 + 2*s**2. Give x(-2).
-10
Let o be 5*(-7)/(-28)*(5 + -1). Let y(k) = -7*k + 6. Determine y(o).
-29
Let d be (-66)/(-4) - (-15)/(-10). Let b = 11 - d. Let z(i) = -i**3 - 3*i**2 + 3*i + 2. Calculate z(b).
6
Suppose 5*n - 25 = 25. Suppose 3*s - 2*x = 2 + 8, -2*x = -s + n. Let h(b) = -1 + 5*b**2 + s - 2*b**2. Determine h(-1).
2
Suppose -n - 10 = -3*n. Let g be 0 - (n + 3 + -3). Let i(o) = -o**2 - 5*o + 7. Give i(g).
7
Let p(s) = s - 3. Let t = -2 + 7. Suppose t*c - 11 = 14. What is p(c)?
2
Let z(t) = t + 3. Let q(c) = c + 2. Let i(j) = 5*q(j) - 3*z(j). Let b = -16 - -6. Let s = 5 + b. Determine i(s).
-9
Let c(z) = z**3 + 8*z**2 - z - 8. Let u(d) = -d**3 - 5*d**2 + d - 3. Let p be u(-5). Determine c(p).
0
Let v(p) = 8*p**3 - 3*p**2 + 2 + 3*p - 7*p**3 + 0*p**2 - 2*p**2. Give v(3).
-7
Suppose 0 = 5*k - 28 + 3. Let u(d) = -73*d**2 + k - 3 + 72*d**2 + d. What is u(-2)?
-4
Let c = 2 + 2. Suppose c*y = y + 9. Let j(z) = -2*z**2 - 11*z - 3. Let u(d) = -d**2 - 6*d - 2. Let v(w) = 6*j(w) - 11*u(w). Calculate v(y).
-5
Let n(i) be the first derivative of 3*i**2/2 - 3*i - 9. Give n(3).
6
Suppose 2*w - 7 = -1. Let d(q) = -q + 1. Let t(g) = -g**3 - 7*g**2 - 7*g - 7. Let s be t(-6). Let v(m) = m**2 + 4*m - 10. Let l(x) = s*v(x) - 6*d(x). Give l(w).
1
Let v(q) = -q**3 + 5*q**2 + 5*q - 9. Suppose -3*j + 24 = j. Calculate v(j).
-15
Let h